
73
Let v = -314 + 587. List the prime factors of v.
3, 7, 13
Let l(n) = n**3 + 10*n**2 - 12*n + 14. Let g be l(-11). Suppose -g = -5*j + 15. Suppose 0 = 4*a - o - 25, -5*a + 25 = j*o - 3*o. List the prime factors of a.
2, 3
Let b(r) = -r**3 + 4*r**2 + 7*r + 21. List the prime factors of b(-8).
733
Let g = 47 - 44. Suppose g*s + 96 = 7*s. What are the prime factors of s?
2, 3
Suppose 5*z = -16 + 1, -4*z + 142 = 2*l. Suppose -l = -3*a - 26. List the prime factors of a.
17
Suppose 10 = -0*v + 5*v. List the prime factors of (1 + v)*(12 + 11).
3, 23
Suppose -3*y + m + 8085 = 0, 4*y + 338 = 5*m + 11129. List the prime factors of y.
2, 3, 449
Let s(h) be the third derivative of -h**5/60 + 7*h**4/12 + 7*h**3/6 - 11*h**2. List the prime factors of s(7).
2, 7
Suppose -4 = -3*x + 5. Suppose -x*t + 3 = 0, 3*b + t + 1 = -10. What are the prime factors of (5 + 0)/(b/(-20))?
5
Let l(g) = -8*g - 4. Let a be l(3). Let u = 110 + -149. Let w = a - u. What are the prime factors of w?
11
Suppose -5*b + 5*d - d + 9927 = 0, 0 = -3*b - 2*d + 5943. List the prime factors of b.
3, 661
Suppose 34*w + 2*k + 6878 = 39*w, 5*w - 6886 = 4*k. What are the prime factors of w?
2, 3, 229
Suppose i = 3*p - 7, 0 = i - 6*i + 4*p - 2. Suppose -2*l - 6 = 0, -x - 30 = i*x + l. What are the prime factors of 1/3 + (-258)/x?
29
Suppose 6*g + 482 = 140. List the prime factors of (-3 + (-10)/(-6))*g + 2.
2, 3, 13
Let s(k) = -2348*k - 173. List the prime factors of s(-1).
3, 5, 29
Let j(v) = -3*v**3 - v**2 + 3*v + 3. Let t be j(-2). Suppose -x = 4*f - 151, -t = 2*x - 2*f - 309. Suppose 2*s = -s + x. List the prime factors of s.
7
Suppose 0 = -0*t - t + 182. Let m = -77 + t. What are the prime factors of m?
3, 5, 7
Let y be 4/16 + 430/8. Let u be (-2)/((-4)/6) + y. List the prime factors of u - 4*2/4.
5, 11
Suppose 6*y = 19*y - 27118. What are the prime factors of y?
2, 7, 149
Let g(l) = -3*l**3 - 12*l**2 - 19*l + 16. List the prime factors of g(-8).
2, 3, 13
Let r = -1180 - -2458. List the prime factors of r.
2, 3, 71
Let s be 2*(-7)/(42/9) + -168. Let x = -16 - s. What are the prime factors of x?
5, 31
Suppose -3*z - 4*r = z - 1328, -5*r - 1630 = -5*z. List the prime factors of 1/(-4) + z*(-1)/(-4).
2, 41
Let j(f) = f**2 + 8*f + 36. List the prime factors of j(-12).
2, 3, 7
Let l(q) = 2*q**3 - 11*q**2 + 8*q - 4. Suppose -5*k + 21 + 4 = 0. List the prime factors of l(k).
11
Suppose -3*c = 2641 - 259. List the prime factors of c/(-14) - 4*(-9)/126.
3, 19
Suppose w + 4*p + 8 = 0, 0*p = -3*w - 4*p + 8. Suppose -r - 216 = -2*l, w*r = 4*l + 7*r - 436. List the prime factors of l.
2, 5, 11
Let l(q) = 22*q**3 + 2*q. Let d(x) = -5*x + 87. Let m be d(17). List the prime factors of l(m).
2, 3, 5
Let p(n) = -n**3 + 3*n**2 - 4*n + 4. Let t be p(2). Suppose t = 4*h - 5*z - 137, h + 3*z + z = 50. What are the prime factors of h?
2, 19
Let o = 5724 - 4005. What are the prime factors of o?
3, 191
Let h = 1 + 388. What are the prime factors of h?
389
Let c = 1173 - -2080. List the prime factors of c.
3253
List the prime factors of (-3)/(-4) + (-87329)/(-68).
5, 257
Let f = 23 - 23. Suppose f = 2*g - 6 - 260. List the prime factors of g.
7, 19
Suppose 472 = 5*d - 113. Suppose z - 4*z = -d. List the prime factors of z.
3, 13
Let j(l) = l**2 + 2*l. Let s be j(-1). Let k(n) = n + 1. Let b be k(s). Suppose 2*v - 23 = -u + v, b = -5*u + 4*v + 124. What are the prime factors of u?
2, 3
Let b(c) = -c**3 - 8*c**2 - 56*c + 6. List the prime factors of b(-18).
2, 3, 709
Let d(j) = j**2 + 6*j - 6. Let c be d(-5). Let a = 18 + c. List the prime factors of (-2)/((-6)/(-9)) + a.
2
Let y(j) = 62*j**3 - 4*j**2 + j. List the prime factors of y(2).
2, 241
Let c = 350 - -218. List the prime factors of c.
2, 71
Let c = -4 - -4. Suppose 0 = -c*i + 3*i. Suppose i = -2*h - 14 + 36. List the prime factors of h.
11
List the prime factors of 432780/150 + (2 - 22/10).
5, 577
Suppose -18*m + 13*m = -3995. List the prime factors of m.
17, 47
Suppose 9*h + 3963 = 16617. List the prime factors of h.
2, 19, 37
Suppose 9 = 3*x - 9. Let j be -9 - (-7 + x + -3). What are the prime factors of 4*9 + (-15)/j?
3, 13
Let m(a) be the third derivative of 1/2*a**3 + 0*a + 5*a**2 + 0 + 1/6*a**4 + 1/60*a**5. List the prime factors of m(-7).
2, 3
Let l(q) = 2*q**3 - 4*q**2 + 8*q - 8. Let u be l(2). What are the prime factors of 706/u - (-1 - -5)/16?
2, 11
Suppose 2*k + 0*o - 72 = 2*o, 2*k + 4*o - 72 = 0. Let d = -27 + k. List the prime factors of d.
3
Let p(s) = 2*s - 18. Let m be p(10). Let v(h) = 2*h - 1. Let t be v(m). Suppose -5*z = -4*x + t*x - 98, 0 = -2*z - 3*x + 29. What are the prime factors of z?
19
Let p be 16/12*(-6)/(-4). Suppose -48 = -p*d - 3*j, 0 = -4*d - 0*d + 3*j + 78. What are the prime factors of d?
3, 7
Suppose 6*s = 2455 + 563. Suppose t = -4*l + 165, -t - 2*t = 4*l - s. List the prime factors of t.
13
List the prime factors of 9971/52 - (1 - 3/12).
191
Suppose 0 = 3*f - 6, 15*r = 13*r + f + 4958. List the prime factors of r.
2, 5, 31
Let c = -646 - -1111. List the prime factors of c.
3, 5, 31
Let s = -1934 - -2845. List the prime factors of s.
911
Suppose -3*x + 10 + 2 = 0. Let t(y) = -y**3 - 4*y**2 - 4*y - 1. Let k be t(-3). Suppose x = k*w - 8. What are the prime factors of w?
2, 3
Let v(k) = 88*k**2 + 2*k - 1. Suppose 0 = 4*w - 1 - 3. Let z be v(w). Suppose -3*i + 31 = 2*u, 0 = -2*u - 3*u + 4*i + z. List the prime factors of u.
17
Suppose 2*q = -6*q + 40. List the prime factors of (-24)/q*(-11)/(33/90).
2, 3
Let g(j) = j**2 - 6*j + 4. Let s = 19 + -14. Let d be g(s). Let n(f) = 26*f**2 + 3*f + 2. What are the prime factors of n(d)?
5
Let n(i) be the first derivative of 81*i**2 + 4*i + 23. What are the prime factors of n(1)?
2, 83
Let j(p) = -p**2 - p. Let d(g) = -g**2 - 7*g + 8. Let l(r) = -d(r) + 2*j(r). Let m be l(6). Let x = m + 23. What are the prime factors of x?
3
Let s be (-5 + 33/5)/((-2)/(-205)). Let v = -66 + s. List the prime factors of v.
2, 7
Let y = -1901 + 2822. What are the prime factors of y?
3, 307
Suppose -3*j + 45 = 2*j. Suppose -5*x + j = -26. Suppose 21 = 2*m - x. What are the prime factors of m?
2, 7
Let o = -283 + 407. Suppose 0 = -2*f + o + 108. List the prime factors of f.
2, 29
Let m(f) = 2*f + 15. Let k(n) = 5*n + 29. Let c(s) = 3*k(s) - 7*m(s). Let i be c(8). Let p(y) = y**3 + 11*y**2 + 10*y + 3. List the prime factors of p(i).
3
Let a = 35 + -15. Suppose 3*n = 8*n - a. Suppose 0*p + n*t = 2*p - 10, 0 = p - t - 8. What are the prime factors of p?
11
Let t = -52 - -56. Suppose 5*h + i - 553 = h, h + t*i - 142 = 0. What are the prime factors of h?
2, 3, 23
Let a be (2/(-3))/((-2)/6). Let b(l) = 3*l**3 + 3 + 23*l**2 - 20*l**a - 2*l**3 - 5*l. List the prime factors of b(-4).
7
Suppose -2*v - 2*i = -4, -4*i + 3 = 5*v - 8. Suppose -v*r = -2 - 7. Suppose 2*c - 10 = 3*f, -2*c - r*f + 8 = -14. What are the prime factors of c?
2
Let w(k) = k**3 + 2*k**2 - 3*k - 3. Let c be w(-2). Suppose 29*l = 37*l - 32. Suppose -l*t - 2*o = -4*o - 28, -c*t + 3*o = -18. List the prime factors of t.
2
Suppose a + s = 4*s - 308, -3*s + 1232 = -4*a. Let b = -157 - a. List the prime factors of b.
151
Let f = -354 + 647. List the prime factors of f.
293
Let s(o) = o**3 - 9*o**2 + o - 7. Let z be s(9). Let k(m) = -26*m + 2. Let x be k(z). List the prime factors of x/(-2) - (3 - 1).
23
Let s be -3 + ((-12)/(-4))/3. Let c = s + -4. Let w = 22 + c. List the prime factors of w.
2
Let q = 7628 + -4273. What are the prime factors of q?
5, 11, 61
List the prime factors of 234 + (1/(-3))/((-24)/(-288)).
2, 5, 23
Let v = -64 + 64. Suppose -4*s - 10 + 126 = v. List the prime factors of s.
29
Let x(k) = 8*k**2 - k - 6. Let z be x(3). Let i = 24 + z. What are the prime factors of i?
3, 29
Suppose 114*a - 368 = 112*a. Let b = -38 + a. List the prime factors of b.
2, 73
Let h = -35 + -2. Let j = 75 - h. List the prime factors of j.
2, 7
Let a be 16*1*(-2)/4. Let k be (a - -3)*12/(-10). Suppose -3*u - k = -6*u. List the prime factors of u.
2
Let w = -8 - -34. Let m be 4/w - (-84)/(-39). List the prime factors of (22 - -1) + 2 + m.
23
Let b be (-2 + 2/4)/((-6)/68). Suppose q - b = 90. List the prime factors of q.
107
List the prime factors of 108450/35 + (-69)/(-161).
3, 1033
Let f = 526 - 368. List the prime factors of f.
2, 79
Let i(w) = 